ime?
True
Is 624761 composite?
True
Is 34198 composite?
True
Is 23109 a composite number?
True
Is 5160955 prime?
False
Is 9533 prime?
True
Is 255857 a prime number?
False
Is 2251 composite?
False
Is 465383 a composite number?
False
Is 1541049 composite?
True
Is 100333 a prime number?
True
Is 4677 composite?
True
Is 64879 a prime number?
True
Is 133737 prime?
False
Is 2017 a prime number?
True
Is 47371 a composite number?
True
Is 1419257 prime?
False
Is 254563 prime?
False
Is 63719 prime?
True
Is 1271 a composite number?
True
Is 4187 prime?
False
Is 8501 a prime number?
True
Is 446 a prime number?
False
Is 44107 a composite number?
True
Is 21953 a prime number?
False
Is 27493 a prime number?
False
Is 7411 prime?
True
Is 8953 a composite number?
True
Is 5623 a prime number?
True
Is 3412927 a prime number?
False
Is 11957 composite?
True
Is 5981 a prime number?
True
Is 129515 prime?
False
Is 13043 prime?
True
Is 36151 prime?
True
Is 17026 composite?
True
Is 175103 a composite number?
False
Is 56302 a prime number?
False
Is 212701 a composite number?
False
Is 4391 a composite number?
False
Is 37441 prime?
True
Is 721783 composite?
False
Is 631973 prime?
False
Is 90777 a composite number?
True
Is 3505 prime?
False
Is 1060937 a prime number?
True
Is 613421 a prime number?
True
Is 89753 a composite number?
False
Is 43723 prime?
False
Is 471817 a prime number?
True
Is 326537 a prime number?
True
Is 11377 a composite number?
True
Is 14107 a composite number?
False
Is 66257 a composite number?
True
Is 406631 a composite number?
False
Is 840467 composite?
False
Is 716629 prime?
True
Is 66821 a composite number?
False
Is 1753 a composite number?
False
Is 18169 a composite number?
False
Is 1257989 prime?
True
Is 232741 composite?
False
Is 3041 a prime number?
True
Is 4429 prime?
False
Is 45403 prime?
True
Is 418657 a prime number?
True
Is 707 a composite number?
True
Is 800839 prime?
False
Is 1097 composite?
False
Is 5207 a prime number?
False
Is 1411 a composite number?
True
Is 76061 prime?
False
Is 55307 composite?
True
Is 6563 a prime number?
True
Is 7067 a prime number?
False
Is 1201 a composite number?
False
Is 17159 composite?
False
Is 1236073 composite?
False
Is 6563 prime?
True
Is 273029 a composite number?
False
Is 3557 a composite number?
False
Is 11602 composite?
True
Is 7069 a prime number?
True
Is 70491 a prime number?
False
Is 3545 composite?
True
Is 699 a composite number?
True
Is 407 prime?
False
Is 13763 composite?
False
Is 570569 prime?
True
Is 9127 a composite number?
False
Is 21377 composite?
False
Is 122083 a composite number?
True
Is 1371893 a prime number?
True
Is 345413 a prime number?
True
Is 97423 composite?
False
Is 6689 prime?
True
Is 109853 a composite number?
True
Is 51407 prime?
True
Is 28277 composite?
False
Is 611827 a composite number?
False
Is 673 prime?
True
Is 697 a prime number?
False
Is 1439 a composite number?
False
Is 29899 prime?
False
Is 196033 a composite number?
False
Is 1409 a composite number?
False
Is 4971 a composite number?
True
Is 217823 a composite number?
False
Is 160833 a composite number?
True
Is 33023 composite?
False
Is 5129 prime?
False
Is 411167 a prime number?
True
Is 809 a composite number?
False
Is 12071 prime?
True
Is 49523 prime?
True
Is 4699 composite?
True
Is 41213 a composite number?
False
Is 183871 composite?
False
Is 90749 a composite number?
False
Is 636193 composite?
False
Is 18779 composite?
True
Is 1487307 a prime number?
False
Is 140269 prime?
True
Is 188686 prime?
False
Is 3413 prime?
True
Is 1213 composite?
False
Is 3883 a prime number?
False
Is 18199 a prime number?
True
Is 14923 composite?
False
Is 1150183 a prime number?
True
Is 10937 prime?
True
Is 17147 prime?
False
Is 6581 prime?
True
Is 51749 prime?
True
Is 118733 composite?
True
Is 16661 composite?
False
Is 172787 composite?
False
Is 125738 prime?
False
Is 13001 a prime number?
True
Is 38813 composite?
True
Is 4861 prime?
True
Is 2179 a prime number?
True
Is 609374 prime?
False
Is 829982 a prime number?
False
Is 9871 composite?
False
Is 50207 a prime number?
True
Is 1141123 a prime number?
True
Is 202381 composite?
False
Is 21647 composite?
False
Is 360611 prime?
True
Is 13793 composite?
True
Is 403673 a prime number?
False
Is 4547 composite?
False
Is 3293 a prime number?
False
Is 18499 prime?
False
Is 260483 composite?
False
Is 3771821 a prime number?
True
Is 2491 a prime number?
False
Is 45941 a composite number?
True
Is 1415 a prime number?
False
Is 83513 composite?
True
Is 17863 a prime number?
True
Is 551 a prime number?
False
Is 1212637 prime?
False
Is 1913893 prime?
True
Is 56401 prime?
True
Is 3155 a composite number?
True
Is 176889 a prime number?
False
Is 797701 composite?
False
Is 47279 a prime number?
True
Is 887 prime?
True
Is 6537 prime?
False
Is 13157 prime?
False
Is 10679 prime?
False
Is 17669 prime?
True
Is 144299 prime?
True
Is 879127 a prime number?
False
Is 324769 composite?
True
Is 219265 prime?
False
Is 13859 composite?
False
Is 22809 a prime number?
False
Is 215011 prime?
False
Is 47017 a composite number?
False
Is 486559 composite?
False
Is 626317 composite?
False
Is 1006 a composite number?
True
Is 862381 composite?
True
Is 1657 a prime number?
True
Is 72859 prime?
True
Is 708803 a composite number?
False
Is 9179 composite?
True
Is 88535 composite?
True
Is 6673 prime?
True
Is 1386419 prime?
True
Is 179369 a prime number?
True
Is 167801 a composite number?
False
Is 60337 prime?
True
Is 11027 a composite number?
False
Is 1709 a composite number?
False
Is 38899 a prime number?
False
Is 604763 prime?
False
Is 2188939 a composite number?
True
Is 817529 prime?
True
Is 141209 prime?
True
Is 20211 composite?
True
Is 844279 a composite number?
False
Is 446819 a prime number?
True
Is 1071121 prime?
True
Is 11897 a prime number?
True
Is 135781 prime?
True
Is 172801 prime?
True
Is 96371 composite?
True
Is 1224251 a prime number?
False
Is 1174 prime?
False
Is 404671 a prime number?
True
Is 312371 a prime number?
True
Is 5549 composite?
True
Is 35669 a prime number?
False
Is 7601 prime?
False
Is 1208777 composite?
False
Is 7669 a composite number?
False
Is 4837493 a prime number?
True
Is 19373 composite?
False
Is 285793 a prime number?
False
Is 81071 prime?
True
Is 8219 a prime number?
True
Is 54637 prime?
False
Is 340735 prime?
False
Is 306239 a composite number?
False
Is 411 composite?
True
Is 22681 a prime number?
False
Is 40907 a prime number?
False
Is 367265 a prime number?
False
Is 2767 a composite number?
False
Is 79087 prime?
True
Is 208918 prime?
False
Is 443 composite?
False
Is 33529 a prime number?
True
Is 6458 composite?
True
Is 102439 composite?
True
Is 600149 composite?
True
Is 6379 a prime number?
True
Is 48077 a composite number?
True
Is 1056026 prime?
False
Is 415343 prime?
True
Is 96826 prime?
False
Is 76381 a composite number?
True
Is 69239 a prime number?
True
Is 112027 composite?
True
Is 32771 a composite number?
False
Is 2291 composite?
True
Is 102683 a composite number?
True
Is 37865 a composite number?
True
Is 11337 a prime number?
False
Is 5209253 composite?
True
Is 22757 composite?
True
Is 994193 a prime number?
True
Is 427 prime?
False
Is 20707 a prime number?
True
Is 644783 a prime number?
True
Is 392087 prime?
True
Is 68039 a prime number?
False
Is 1402567 a composite number?
False
Is 5989 composite?
True
Is 852211 a prime number?
True
Is 70823 composite?
False
Is 17947 a composite number?
True
Is 11747 a prime number?
False
Is 11351 composite?
False
Is 27161 a composite number?
True
Is 345089 composite?
False
Is 3437 prime?
False
Is 4343 a prime number?
False
Is 708707 a composite number?
True
Is 4701 a composite number?
True
Is 286658 a composite number?
True
Is 3466 a prime number?
False
Is 267167 a prime number?
True
Is 296117 prime?
True
Is 209122 composite?
True
Is 2053 prime?
True
Is 77582 composite?
True
Is 7993 a composite number?
False
Is 69899 a prime number?
True
Is 196795 a prime number?
False
Is 495394 a prime number?
False
Is 1575989 a composite number?
False
Is 37735 prime?
False
Is 368321 a prime number?
False
Is 461093 prime?
True
Is 141859 a composite number?
True
Is 219841 a prime number?
False
Is 8467 a composite number?
False
Is 6889 a prime number?
False
Is 